e third derivative of r**5/60 + 3*r**4/8 + 3*r**3/2 - 6*r**2. Determine k(q).
-9
Let p(n) = 7*n**2 + n - 1. Suppose 2*c - 32 = -0*c. Let g(w) = 2 + 0 + w**2 - 2*w**2 - 1 + 16*w. Let q be g(c). Determine p(q).
7
Suppose -2*y = 5*r + 23, -5*r + 4*r + 5*y = 10. Let k(o) = -10*o - 42. Calculate k(r).
8
Let n(w) = w**3 + 8*w**2 + 9*w + 5. Let a(u) = -3*u + 5. Suppose 0*z - 24 = -4*q + 2*z, 4*z + 4 = -3*q. Let x be a(q). Give n(x).
-9
Let n(q) = 2*q + 2*q**2 - q - 3*q + 5*q. Determine n(-2).
2
Let j = 653 + -663. Let u(o) = o**2 + 10*o. Calculate u(j).
0
Let l = 11 - 16. Let v(n) be the third derivative of -n**5/60 - n**4/8 + n**3/6 - 3*n**2 + 6*n. Give v(l).
-9
Suppose -5 = -5*f, -3*f + 3 = 2*k - 12. Suppose 5*b = 2*b + 4*g - 17, 4*b = 5*g - 23. Let d = k + b. Let m(j) = -5*j**2. Give m(d).
-5
Let g(s) = -2*s + 8 - 17 + 1 + 5 + 4. Calculate g(2).
-3
Let n(j) = j**2 + 6*j + 5. Suppose -25*f - 8*f = 165. Determine n(f).
0
Let z(x) = x**3 - 3*x**2 - 6*x + 2. Let p = -317 - -321. Give z(p).
-6
Suppose -90*n + 16 = -86*n. Let l(w) = -5*w**2 + 4*w - 1. What is l(n)?
-65
Let z(g) = -7*g**2 + 20*g + 28. Let a be z(4). Let h(t) = -t**3 - 3*t**2 + 4*t + 4. Determine h(a).
4
Suppose 6*m = 7*m - 1. Let q(p) = -m - 1 + 4*p + 0*p. Determine q(2).
6
Let h(k) = -k**3 - k**2 + k - 1. Let a(u) = -7*u**3 - 10*u**2 + 5*u - 2. Let f(v) = -a(v) + 6*h(v). Determine f(-3).
2
Let z(x) = x**2 - 12*x + 12. Let h = 15 - 6. Determine z(h).
-15
Let x(u) = -3*u**2 + 14*u + 3. Let q(j) = 3*j**2 - 11*j - 2. Let a(p) = -5*q(p) - 4*x(p). Give a(-3).
-26
Suppose 1039*w - 1036*w = 3. Let s(d) = -d**3 + 6*d**2 - d + 2. Let c be s(6). Let g(a) = 10*a - 1. Let q(m) = 21*m - 2. Let h(l) = c*q(l) + 9*g(l). Give h(w).
5
Suppose -w - 5 = -3. Let t be 2 + w + (-10)/(-2). Suppose -m - 2 + t = 0. Let b(z) = z**2 - 5*z + 1. Determine b(m).
-5
Suppose 3*w = -w - 20. Let l(i) = 14*i + 8. Let p(a) = 5*a + 3. Let t = 2 - 13. Let g(u) = t*p(u) + 4*l(u). What is g(w)?
-6
Let f(t) = 3*t - 2. Let i(k) = 8*k - 6. Let w(p) = 3*f(p) - i(p). What is w(-5)?
-5
Suppose -i = -2*i. Let w(p) = -p**3 - 2*p - 23*p**2 + 20*p**2 + i*p. Let g(a) = -a**3 + 5*a**2 - 5*a + 1. Let m be g(4). Calculate w(m).
6
Let b(z) = 11 - 12 + 9 + 1 + 2*z. What is b(-6)?
-3
Let d = 10 - 6. Let t(r) = -r + r**2 + 2*r - 5 + 0*r**2 - 5*r. Calculate t(d).
-5
Suppose 4*m - 210 = -2*z + 2*m, 225 = 2*z - 3*m. Let b = z + -107. Let k(a) = -5*a**2 - a + 1. Give k(b).
-5
Let x(h) = -2*h**2 - 3*h - 18. Let p(b) = -2*b**2 - 3*b - 21. Let l(j) = -6*p(j) + 7*x(j). Determine l(-2).
-2
Let g(a) = -a**2 - 25 + 69 + a**3 - 16 - 22 + a. Let i(m) = m - 4. Let h be i(4). Give g(h).
6
Let w(q) be the second derivative of q**5/20 + 2*q**4/3 + q**3/3 - 4*q**2 + q + 37. Give w(-7).
27
Let x(h) = 11*h**3 - h + 1. Suppose 4*i + 2*y = 44, 0 = 2*i - 0*y - y - 22. Suppose i*r - 16*r = -5. Determine x(r).
11
Let d(s) = -8*s + 0*s + 4 - 3*s**2 + s**3 + 10*s**2. Suppose 4*g - 7*g = -3. Let n = g - 9. Determine d(n).
4
Let c(z) be the third derivative of z**4/24 - 31*z**3/6 + 199*z**2 - z. Give c(21).
-10
Suppose 2*w = -4*w - 30. Let k = 6 + -6. Let j(n) = -1 + k - 4 + 1 - 2*n. What is j(w)?
6
Let d(b) = -5*b**3 - 7*b**2 + 17*b - 3. Let h = 12 + -9. Let i(z) = 4 - z**h + 3*z**3 + 2*z**2 - 4 + 1 - 6*z. Let n(v) = -3*d(v) - 8*i(v). Give n(5).
-14
Suppose 1 + 14 = 2*q - o, 5*q + 5*o - 30 = 0. Let f(s) = -5*s + q*s - 1 + 2*s + s. Let d be 9/(-12) - (-1)/(-4). Determine f(d).
-6
Let y be 5/(-20) + 405/(-60). Let v(o) = o**3 + 8*o**2 + 9*o - 8. Determine v(y).
-22
Let q be 16/112 + 97/7. Let v(b) = 2*b - b + b - b - q. Calculate v(0).
-14
Let q be (-4)/6*9/(-2). Let r(u) = q*u + 0*u - 11 - 5*u + 10. What is r(1)?
-3
Let a(o) be the first derivative of 0*o + 4 + o**3 - 1/4*o**4 + 2*o**2. Determine a(4).
0
Let q(a) = 2*a - 7 + 3 + 1. Let p be q(3). Suppose -13 = p*r - 7. Let o(t) = 2*t - 2. Determine o(r).
-6
Suppose 7*z - 6 + 55 = 0. Let f = z - -12. Let a(i) = -2*i**2 + 8*i - 7. Give a(f).
-17
Let w(b) = -b**2 + 3*b + 1. Let o(q) = q + 5. Let z be o(-8). What is w(z)?
-17
Let m(u) be the third derivative of 0*u - 16*u**2 + 1/4*u**4 + 1/120*u**6 + 0 - u**3 - 1/10*u**5. What is m(5)?
-1
Let j(t) = 5*t + 8. Suppose 3*o - 8*o + f = 30, o + f + 6 = 0. Determine j(o).
-22
Let d(x) = -3*x - 95. Let s be d(-30). Let f(u) = -8*u - 3*u**2 - u**3 - 3 - 4*u**2 - 3. Determine f(s).
-16
Let o(k) be the third derivative of k**6/120 - k**4/12 + k**3/2 + 5*k**2. Let p be (-4)/(-14)*14/16*8. Calculate o(p).
7
Let x(m) be the first derivative of 19*m**2/2 - m - 58. Calculate x(1).
18
Let p(y) = 3*y**2 - y**3 + 11 + 2 - 4*y + 3*y - 14. What is p(3)?
-4
Let f(j) = j**2 - 7*j + 8. Let g be (-24)/(-14)*(-21)/(-6). Calculate f(g).
2
Let d(g) be the second derivative of g**4/12 + 5*g**3/6 - 9*g**2/2 + 2*g. Suppose -4*b + 56*v = 59*v + 37, 0 = b + 3*v + 16. Determine d(b).
5
Let q = 802 + -804. Let p(x) = -x + 2. Determine p(q).
4
Let w(z) = 15 + 1604*z - 810*z - 801*z. Calculate w(5).
-20
Let x(t) = -9*t + 66. Let c be x(7). Let w(z) = -z**2 + 4*z - 2. Calculate w(c).
1
Let y = 55 - 34. Let i be (8/20)/(2 - y/10). Let m(k) = -k**3 - 6*k**2 - 5*k + 3. Give m(i).
-9
Let t be 3*((-24)/9)/(-2) - 10. Let w(c) = c**3 + 6*c**2 + 4*c + 12. Give w(t).
-12
Let n(r) = r - 3. Suppose y + 11 = 5*d, y - 6*d + 10*d - 7 = 0. Determine n(y).
-4
Suppose 0*o - 3*o = -3*f + 9, f - 1 = 3*o. Suppose -16 = -4*x + 4*r, x - 2*x + f*r = -13. Let l(b) = 6*b. Determine l(x).
6
Let w(v) = -7*v**3 - 9*v**2 - 5*v - 1. Let m(z) = 2*z**3 + 2*z**2 + z. Let l(d) = -4*m(d) - w(d). Suppose -5*q - 5 = -4*h, h = 4*q + 3*h + 4. Give l(q).
2
Let s(b) = b**2 - 5*b - 5. Let n be 0/(-2 + 4 + -5). Suppose -x - 3*f - f - 1 = 0, -5*x - f + 33 = n. What is s(x)?
9
Let q(w) = -w**3 + 2*w**2 - 2. Let d(o) = -4*o**3 + 10*o**2 - 3*o - 6. Let g(x) = d(x) - 3*q(x). What is g(3)?
0
Let d(i) = -9*i**3 - i**2 + 3*i - 5. Let k(y) = 18*y**3 + 2*y**2 - 5*y + 9. Let l = -7 + 27. Let z = l + -16. Let c(r) = z*k(r) + 7*d(r). Determine c(-1).
-8
Let m(x) = 2*x - 3 + 7 - 3*x + 4*x**2 - x**3 + 3*x. Suppose 0 = -3*h + 4*c + 19, 5*c - 4*c + 1 = 0. What is m(h)?
-11
Let v(d) = -d**3 - 6*d**2 + 10*d + 18. Let w be v(-7). Let j(r) = 3*r**2 + 2*r. Calculate j(w).
21
Let c(h) = h - 6. Let a(w) = 2*w - 2 - 14 + 5. Let z(v) = 4*a(v) - 7*c(v). Give z(5).
3
Let s(z) = -z**2 - 16*z + 14. Let y(k) = -k**2 - 14*k + 12. Let m(a) = -4*s(a) + 5*y(a). Determine m(-3).
13
Let f(b) = 7*b**3 - b**2. Suppose -6*u + 2 = -4. Let y be f(u). Let k(l) = l**2 - 9*l + 9. Calculate k(y).
-9
Let l(i) = -i**2 - 6*i - 7. Let z(v) be the third derivative of v**5/60 + v**4/2 - 5*v**3/6 - 27*v**2. Let w be z(-12). Calculate l(w).
-2
Let s be (3/(-4))/(-1 - (-78)/72). Let z(y) = -y**3 - 9*y**2 + 5*y + 21. Give z(s).
-24
Let h be (-3 + 2)/(-16 + 15). Let f(s) = 21*s - 7. Calculate f(h).
14
Let k = 55 - 38. Suppose -5*l - k + 2 = 0. Let j(c) = c**3 - c**2 + 1. Let v(n) = 2*n**3 - 8*n**2 - 5*n + 1. Let s(r) = 3*j(r) - v(r). Give s(l).
5
Let o(f) = 5*f**2 + 2*f + 2. Suppose 0 = 10*c - 9*c - 3. Suppose q + 2*k = -10, c*k = 5*q - k - 6. Calculate o(q).
18
Let g be (5/3)/(240/432). Let c(k) = -k + 6. Let u(b) = 1. Suppose 4*p + 5 = 5*f, -2 = 2*f - 4*p - 4. Let n(i) = f*c(i) + g*u(i). Determine n(0).
9
Let l(a) be the second derivative of a**5/20 - a**4/2 + 2*a**3/3 + 7*a**2/2 - 546*a. Determine l(5).
2
Let w be (-6)/1*(120/18 - 6). Let o(k) = k**3 + 4*k**2 + k + 2. Give o(w).
-2
Let i(x) be the first derivative of x**4/2 + x**3 + x**2 + 3*x - 2. Let j be -2*((-3)/(-6) - 2). Suppose 5*z + j*g + 1 = 0, 3 = -0*z + 3*z + 3*g. Give i(z).
-5
Let n(b) = b + 7. Suppose -18 = -5*k + 4*k. Let s be (-9)/(-2)*k/(-27). Let c be n(s). Let q(g) = g**3 - 4*g**2 + g + 4. Give q(c).
8
Let i = -1690 - -1695. Let f(l) = -l**2 + 3*l + 4. Calculate f(i).
-6
Let s(h) = -8 + 7 - 5*h - 10*h. Let f(x) = -x**2 + 3*x - 1. Let j be f(3). Give s(j).
14
Let q(f) be the third derivative of -5/24*f**4 + 0 + 0*f**3 - 1/15*f**5 - 29*f**2 + 1/120*f**6 + 0*f. What is q(5)?
0
Suppose 0*i + i = 3. Let w(p) = 3*p - 6. Let f(k) = -1. Let l(h) = 5*f(h) - w(h). Calculate l(i).
-8
Let o(c) = -2*c + 7. Let t(h) = -h**3 + 8*h**2 - 10*h. Let s be t(7). Let b be 8/28 - 120/s. Determine o(b).
-5
Let a(l) be the first derivative of l**3/3 + 6*l**2 + 